
Let v(b) = b**3 + 53*b**2 + 148*b - 102. What is v(-50)?
-2
Let n(s) = -s**2 - 23*s - 75. Calculate n(-3).
-15
Let a(j) = 765*j + 46671. Calculate a(-61).
6
Let p(v) = v**3 - 6*v**2 - 3*v + 4. Determine p(5).
-36
Let x(n) = -9*n**2 - 92*n - 238. What is x(-5)?
-3
Let p(m) = -m**2 + 42*m - 7. Determine p(6).
209
Let l(d) = d**3 + 11*d**2 + 15*d + 10. Give l(-11).
-155
Let u(l) = 944*l - 4726. Give u(5).
-6
Let a(g) = -70*g**2. Calculate a(1).
-70
Let n(m) = 5*m**2 + 402*m + 153. What is n(-80)?
-7
Let m(j) = j**2 + 1155*j - 5808. Determine m(5).
-8
Let c(o) = -o**2 - 51*o + 978. Determine c(-66).
-12
Let n(m) = -553*m - 4416. Determine n(-8).
8
Let u(g) = -2*g**2 + 85*g - 239. Calculate u(3).
-2
Let n(m) = m**2 - 62*m + 1027. Give n(25).
102
Let d(p) = 97*p**3 - p**2 - 2*p + 2. What is d(1)?
96
Let l(h) = 10*h - 362. Calculate l(32).
-42
Let w(a) = a**2 + 39*a + 342. Calculate w(-28).
34
Let j(o) = -o**2 - 24*o + 476. Give j(-32).
220
Let d(w) = -w**3 + 39*w**2 + 47*w - 236. What is d(40)?
44
Let c(x) = -x**2 + 70*x - 1209. Determine c(53).
-308
Let m(i) = -1524*i - 6100. Calculate m(-4).
-4
Let k(r) = -r**2 - 456*r + 76. Calculate k(0).
76
Let z(w) = -53*w**2 - 143*w + 1417. Calculate z(4).
-3
Let z(m) = -m**3 + 164*m**2 - 801*m + 946. Determine z(159).
-8
Let f(q) = 98*q - 1292. Give f(13).
-18
Let c(k) = 61*k + 316. Determine c(-6).
-50
Let h(f) = -358*f - 7460. Give h(-21).
58
Let k(i) = i**2 + 207*i + 2246. Calculate k(-11).
90
Let c(m) = 47*m**2 + 45*m + 91. Calculate c(-2).
189
Let o(k) = k**3 - 12*k**2 - 20*k + 350. Calculate o(11).
9
Let x(s) = s**2 + 40*s + 314. Determine x(-25).
-61
Let x(t) = -t**3 + 5*t**2 - 88*t + 497. What is x(5)?
57
Let i(j) = -16*j**3 + 1376*j**2 - 3. Determine i(86).
-3
Let r(s) = -16*s**2 + 20*s + 27. What is r(-3)?
-177
Let o(y) = -3*y**2 + 65*y - 49. Calculate o(20).
51
Let q(w) = w**2 + 121*w - 2343. What is q(17)?
3
Let q(k) = -5*k**3 + 3*k**2 + 27*k - 64. Calculate q(4).
-228
Let w(i) = 2*i**3 - 237*i**2 + 120*i - 225. What is w(118)?
11
Let t(s) = -s**2 - 169*s - 980. Calculate t(-6).
-2
Let q(c) = c**3 - 86*c**2 + 692*c + 82. What is q(77)?
5
Let q(m) = 6743*m + 249482. Give q(-37).
-9
Let i(u) = -13*u**2 + 70*u + 34. What is i(6)?
-14
Let j(a) = -a**2 + 18*a + 14. Determine j(10).
94
Let q(g) = g**3 + 62*g**2 - 2*g - 78. Calculate q(-62).
46
Let q(v) = v**2 - 39*v + 130. Calculate q(4).
-10
Let u(y) = 12*y**3 - 2*y**2 - 11*y + 11. What is u(1)?
10
Let l(z) = 7*z**3 + 302*z**2 + 49*z + 278. Calculate l(-43).
20
Let s(t) = -3*t**2 + 392*t - 11262. What is s(88)?
2
Let n(r) = 314*r + 1270. What is n(-4)?
14
Let p(s) = -s**3 + 6*s**2 - 2*s - 124. Give p(0).
-124
Let v(d) = -4*d - 457. Calculate v(-6).
-433
Let t(q) = q**3 - 20*q**2 + 96*q - 7. What is t(11)?
-40
Let c(w) = 21*w - 54. Give c(-3).
-117
Let y(t) = t**3 - 42*t**2 - 85*t - 7. Determine y(-2).
-13
Let r(l) = -l**2 + 102*l - 2240. Calculate r(70).
0
Let b(q) = 8*q**2 + q - 1. What is b(2)?
33
Let g(r) = -r**3 - 18*r**2 + 4*r - 12. Give g(-19).
273
Let j(q) = -7*q**2 + 46*q - 11. Calculate j(7).
-32
Let n(j) = -j**2 - 15*j - 110. What is n(-6)?
-56
Let n(b) = -b**3 - 7*b**2 - 19*b - 197. Determine n(-8).
19
Let u(b) = b**3 - 21*b**2 - 34*b - 226. What is u(23)?
50
Let x(h) = -80*h - 140. Calculate x(-2).
20
Let f(g) = -202*g + 807. Give f(4).
-1
Let r(v) = 4459*v + 31218. Calculate r(-7).
5
Let g(v) = -v**2 - 3*v + 134. Determine g(9).
26
Let b(c) = -4*c**3 + 6*c**2 - 1. Calculate b(2).
-9
Let d(m) = 1123*m + 7857. Determine d(-7).
-4
Let j(f) = -2*f**3 + 32*f**2 - 10*f + 129. Calculate j(16).
-31
Let c(s) = 517*s - 4617. What is c(9)?
36
Let u(i) = 41*i - 105. Give u(4).
59
Let y(s) = s**2 - 18*s - 57. Determine y(14).
-113
Let p(n) = n**3 - 41*n**2 - 267*n - 84. Give p(47).
621
Let r(d) = d**3 - 10*d**2 - 50*d + 11. Calculate r(13).
-132
Let a(c) = -c**3 + 20*c**2 - 84*c - 163. Determine a(11).
2
Let q(d) = -227*d - 28825. What is q(-127)?
4
Let w(j) = -8*j**2 + 241*j + 178. Determine w(31).
-39
Let s(m) = -m**3 - 51*m**2 + 41. Calculate s(-51).
41
Let x(g) = 2*g**2 + 233*g + 6621. Determine x(-49).
6
Let n(h) = 2*h**2 - 60*h + 238. Determine n(15).
-212
Let w(x) = -148*x + 449. Give w(4).
-143
Let i(q) = -1113*q - 5554. Calculate i(-5).
11
Let m(u) = -13*u**2 + 120*u - 631. Give m(5).
-356
Let m(x) = x**2 - 211*x - 5106. Give m(-22).
20
Let p(b) = -b**2 + 59*b - 784. What is p(39)?
-4
Let c(y) = -y**3 + 17*y**2 - 4*y - 115. Calculate c(3).
-1
Let b(g) = -g**3 - 16*g**2 - 29*g - 479. Determine b(-16).
-15
Let u(v) = -7*v**2 + 73*v + 680. Determine u(-6).
-10
Let h(m) = -m**3 - 42*m**2 + 177*m - 336. What is h(-46)?
-14
Let s(y) = -12*y - 267. Give s(-21).
-15
Let z(i) = 964*i - 6758. Determine z(7).
-10
Let g(w) = -1373*w + 108467. Determine g(79).
0
Let z(g) = 39*g - 12. What is z(6)?
222
Let s(w) = w**2 - 87*w - 461. What is s(-5)?
-1
Let x(v) = 81*v**3. Calculate x(1).
81
Let z(r) = -17*r**3 + 83*r**2 - 18*r + 153. Give z(5).
13
Let r(f) = -f**3 - 4*f**2 + 35*f + 145. Give r(-6).
7
Let r(k) = 371*k - 57. Give r(-1).
-428
Let v(a) = 39*a - 15. Determine v(-1).
-54
Let c(f) = 1076*f + 1055. What is c(-1)?
-21
Let v(t) = -18*t**2 + 363*t + 22. Determine v(19).
421
Let x(h) = -1146*h - 30955. Give x(-27).
-13
Let b(d) = d**2 - 10*d - 359. Calculate b(-15).
16
Let i(o) = -6*o**2 - 16*o + 95. What is i(4)?
-65
Let s(a) = 57*a - 281. What is s(3)?
-110
Let r(n) = -27*n**2 + 605*n + 2849. What is r(-4)?
-3
Let q(z) = 2*z**2 - 63*z - 4. What is q(31)?
-35
Let c(t) = 905*t - 3362. Give c(4).
258
Let s(v) = 360*v - 5038. Give s(14).
2
Let n(l) = -4*l**3 + 46*l**2 - 22*l - 1. Determine n(11).
-1
Let q(g) = 434*g - 86809. What is q(200)?
-9
Let o(j) = 2*j**3 + 22*j**2 - 23*j + 19. Determine o(-11).
272
Let j(h) = -7*h + 205. Calculate j(28).
9
Let f(c) = -2*c**3 + 131*c**2 - 194*c + 258. Calculate f(64).
130
Let z(i) = -i**3 + 16*i**2 - 67*i + 745. What is z(14)?
199
Let m(v) = -v**3 + 5*v**2 + 10*v - 35. What is m(4)?
21
Let c(r) = r + 209. Calculate c(-9).
200
Let p(l) = 108*l - 1190. Give p(11).
-2
Let p(s) = 234*s - 4024. Determine p(17).
-46
Let p(w) = -w**2 + 158*w + 666. Give p(-4).
18
Let d(y) = -y**3 - 17*y**2 + 40*y - 917. Determine d(-21).
7
Let p(j) = -2*j**3 - 22*j**2 + 20*j - 42. Calculate p(-12).
6
Let a(d) = -63*d + 1663. What is a(27)?
-38
Let z(w) = -2*w**2 - 44*w - 194. What is z(-8)?
30
Let h(s) = -s**2 + 3*s + 6. Give h(1).
8
Let c(m) = m**2 - 54*m - 1652. Calculate c(76).
20
Let d(t) = -120*t + 12234. Determine d(102).
-6
Let q(o) = 245*o - 1229. What is q(5)?
-4
Let n(x) = x**2 + 98*x - 1078. Determine n(10).
2
Let s(i) = -i**2 - 150*i - 429. What is s(-3)?
12
Let i(n) = -3*n**2 + 21*n + 1756. Determine i(-21).
-8
Let b(i) = i**3 - 3*i**2 - 21*i - 74. Calculate b(-3).
-65
Let z(x) = -2*x**2 + 107*x + 387. Give z(57).
-12
Let r(n) = -n**3 + 80*n**2 - 228*n - 243. Calculate r(77).
-12
Let p(c) = c**3 - 31*c**2 - 26*c - 459. What is p(32)?
-267
Let y(g) = 414*g - 4267. Determine y(10).
-127
Let m(q) = -6*q - 32. Calculate m(-6).
4
Let u(g) = -176*g - 914. Determine u(-4).
-210
Let s(m) = 3*m**3 - 2*m**2 + 5*m - 7. Give s(-3).
-121
Let s(x) = -12*x + 45. What is s(4)?
-3
Let m(c) = 9*c**3 - 154*c**2 + 10*c + 37. Give m(17).
-82
Let j(g) = -4*g**2 + 346*g - 518. Calculate j(85).
-8
Let w(s) = s**3 - 65*s**2 + 1001*s - 36. Give w(40).
4
Let d(k) = -153*k + 2986. Determine d(20).
-74
Let z(c) = 513*c - 2060. Determine z(4).
-8
Let b(f) = -963*f + 6744. Give b(7).
3
Let h(d) = -514*d + 4083. Calculate h(8).
-29
Let c(a) = 10*a**3 - a**2 - 27*a + 28. Calculate c(1).
10
Let n(w) = 2*w**2 + 36*w - 525. What is n(9)?
-39
Let v(z) = -328*z - 8535. Determine v(-26).
-7
Let z(y) = 8*y - 78. Determine z(12).
18
Let h(l) = -l**3 - 92*l**2 + 87*l - 498. Give h(-93).
60
Let s(h) = 307*h - 20288. Calculate s(66).
-26
Let x(w) = -22*w**2 + 241*w - 2. Determine x(11).
-13
Let c(s) = -6*s**2 - 38*s - 26. Give c(-4).
30
Let u(v) = -v**3 + 15*v**2 - 28*v - 9. Calculate u(12).
87
Let u(m) = -260*m - 3162. Give u(-12).
-42
Let i(z) = -3*z**3 - 14*z - 18. Give i(-5).
427
Let q(m) = -2*m**3 - 45*m**2 + 10*m - 322. Determine q(-23).
-23
Let n(k) = 524*k + 8856. Determine n(-17).
-52
Let d(z) = 2*z**2 + 1578*z - 17607. What is d(11)?
-7
Let f(w) = -17*w +